2, 7, 11
List the prime factors of 43630.
2, 5, 4363
List the prime factors of 58660.
2, 5, 7, 419
What are the prime factors of 12958?
2, 11, 19, 31
What are the prime factors of 330?
2, 3, 5, 11
What are the prime factors of 85606?
2, 23, 1861
List the prime factors of 16783.
13, 1291
List the prime factors of 847.
7, 11
List the prime factors of 159.
3, 53
What are the prime factors of 1988?
2, 7, 71
List the prime factors of 1889.
1889
List the prime factors of 7964.
2, 11, 181
What are the prime factors of 3932?
2, 983
What are the prime factors of 1721?
1721
List the prime factors of 932.
2, 233
What are the prime factors of 1074?
2, 3, 179
List the prime factors of 64.
2
What are the prime factors of 10117?
67, 151
List the prime factors of 921.
3, 307
List the prime factors of 102466.
2, 7, 13, 563
What are the prime factors of 6465?
3, 5, 431
What are the prime factors of 15839?
47, 337
What are the prime factors of 6153?
3, 7, 293
What are the prime factors of 780?
2, 3, 5, 13
List the prime factors of 1750.
2, 5, 7
List the prime factors of 48714.
2, 3, 23, 353
What are the prime factors of 1733?
1733
List the prime factors of 9218.
2, 11, 419
List the prime factors of 33003.
3, 19, 193
What are the prime factors of 120875?
5, 967
List the prime factors of 13460.
2, 5, 673
What are the prime factors of 8294?
2, 11, 13, 29
What are the prime factors of 8892?
2, 3, 13, 19
What are the prime factors of 79158?
2, 3, 79, 167
What are the prime factors of 3497?
13, 269
List the prime factors of 747.
3, 83
What are the prime factors of 21944?
2, 13, 211
What are the prime factors of 10788?
2, 3, 29, 31
List the prime factors of 50919.
3, 11, 1543
List the prime factors of 1177.
11, 107
List the prime factors of 29.
29
What are the prime factors of 21402?
2, 3, 29, 41
What are the prime factors of 3886?
2, 29, 67
List the prime factors of 91.
7, 13
List the prime factors of 57009.
3, 31, 613
What are the prime factors of 95325?
3, 5, 31, 41
List the prime factors of 37062.
2, 3, 29, 71
What are the prime factors of 33304?
2, 23, 181
What are the prime factors of 101749?
101749
What are the prime factors of 5839?
5839
What are the prime factors of 3650?
2, 5, 73
List the prime factors of 31946.
2, 15973
What are the prime factors of 6504?
2, 3, 271
What are the prime factors of 26590?
2, 5, 2659
List the prime factors of 21011.
21011
What are the prime factors of 41882?
2, 43, 487
List the prime factors of 5975.
5, 239
What are the prime factors of 54425?
5, 7, 311
List the prime factors of 34510.
2, 5, 7, 17, 29
What are the prime factors of 413?
7, 59
List the prime factors of 1605.
3, 5, 107
What are the prime factors of 5645?
5, 1129
List the prime factors of 79047.
3, 8783
List the prime factors of 12389.
13, 953
What are the prime factors of 114714?
2, 3, 6373
What are the prime factors of 9535?
5, 1907
What are the prime factors of 10451?
7, 1493
List the prime factors of 13825.
5, 7, 79
List the prime factors of 1393.
7, 199
What are the prime factors of 90571?
13, 6967
What are the prime factors of 10027?
37, 271
What are the prime factors of 787?
787
What are the prime factors of 7358?
2, 13, 283
List the prime factors of 43699.
89, 491
List the prime factors of 1953.
3, 7, 31
List the prime factors of 232.
2, 29
What are the prime factors of 131566?
2, 157, 419
What are the prime factors of 26491?
59, 449
What are the prime factors of 2239?
2239
What are the prime factors of 3680?
2, 5, 23
List the prime factors of 16128.
2, 3, 7
List the prime factors of 4252.
2, 1063
List the prime factors of 3183.
3, 1061
List the prime factors of 9632.
2, 7, 43
List the prime factors of 11158.
2, 7, 797
What are the prime factors of 966?
2, 3, 7, 23
What are the prime factors of 316?
2, 79
What are the prime factors of 3317?
31, 107
List the prime factors of 21.
3, 7
List the prime factors of 14772.
2, 3, 1231
What are the prime factors of 2879?
2879
What are the prime factors of 7141?
37, 193
List the prime factors of 6872.
2, 859
What are the prime factors of 33986?
2, 16993
List the prime factors of 22.
2, 11
List the prime factors of 1705.
5, 11, 31
What are the prime factors of 1686?
2, 3, 281
List the prime factors of 66231.
3, 11, 223
What are the prime factors of 338?
2, 13
What are the prime factors of 61077?
3, 20359
What are the prime factors of 14?
2, 7
List the prime factors of 5003.
5003
List the prime factors of 136317.
3, 45439
What are the prime factors of 3678?
2, 3, 613
List the prime factors of 32592.
2, 3, 7, 97
What are the prime factors of 34844?
2, 31, 281
What are the prime factors of 6589?
11, 599
List the prime factors of 59056.
2, 3691
List the prime factors of 962.
2, 13, 37
List the prime factors of 1107.
3, 41
What are the prime factors of 272?
2, 17
What are the prime factors of 17612?
2, 7, 17, 37
What are the prime factors of 1111?
11, 101
What are the prime factors of 487?
487
List the prime factors of 148.
2, 37
List the prime factors of 124.
2, 31
What are the prime factors of 31199?
7, 4457
List the prime factors of 106141.
7, 59, 257
List the prime factors of 5466.
2, 3, 911
List the prime factors of 8549.
83, 103
List the prime factors of 129258.
2, 3, 43, 167
List the prime factors of 5041.
71
List the prime factors of 56791.
7, 19, 61
What are the prime factors of 2791?
2791
List the prime factors of 3855.
3, 5, 257
What are the prime factors of 1357?
23, 59
List the prime factors of 32.
2
List the prime factors of 8258.
2, 4129
List the prime factors of 161125.
5, 1289
What are the prime factors of 364?
2, 7, 13
What are the prime factors of 14807?
13, 17, 67
What are the prime factors of 1882?
2, 941
List the prime factors of 4248.
2, 3, 59
List the prime factors of 8182.
2, 4091
List the prime factors of 1049.
1049
What are the prime factors of 6441?
3, 19, 113
List the prime factors of 131.
131
What are the prime factors of 271?
271
What are the prime factors of 14500?
2, 5, 29
What are the prime factors of 562?
2, 281
What are the prime factors of 28227?
3, 97
What are the prime factors of 4475?
5, 179
What are the prime factors of 650?
2, 5, 13
List the prime factors of 5318.
2, 2659
List the prime factors of 1326.
2, 3, 13, 17
List the prime factors of 966.
2, 3, 7, 23
What are the prime factors of 148400?
2, 5, 7, 53
What are the prime factors of 1269?
3, 47
What are the prime factors of 659?
659
What are the prime factors of 9913?
23, 431
List the prime factors of 9307.
41, 227
List the prime factors of 8668.
2, 11, 197
List the prime factors of 3252.
2, 3, 271
What are the prime factors of 6003?
3, 23, 29
List the prime factors of 103179.
3, 163, 211
What are the prime factors of 8057?
7, 1151
What are the prime factors of 616?
2, 7, 11
What are the prime factors of 44554?
2, 22277
What are the prime factors of 72113?
37, 1949
List the prime factors of 3014.
2, 11, 137
What are the prime factors of 55525?
5, 2221
What are the prime factors of 2892?
2, 3, 241
What are the prime factors of 145272?
2, 3, 6053
List the prime factors of 25681.
61, 421
What are the prime factors of 3332?
2, 7, 17
List the prime factors of 5167.
5167
What are the prime factors of 66948?
2, 3, 7, 797
What are the prime factors of 3082?
2, 23, 67
What are the prime factors of 83478?
2, 3, 13913
List the prime factors of 6464.
2, 101
What are the prime factors of 8973?
3, 997
What are the prime factors of 71081?
71081
List the prime factors of 4656.
2, 3, 97
List the prime factors of 14572.
2, 3643
What are the prime factors of 7007?
7, 11, 13
What are the prime factors of 31460?
2, 5, 11, 13
List the prime factors of 7681.
7681
List the prime factors of 1536.
2, 3
List the prime factors of 476.
2, 7, 17
List the prime factors of 4618.
2, 2309
List the prime factors of 3462.
2, 3, 577
What are the prime factors of 5424?
2, 3, 113
What are the prime factors of 3739?
3739
What are the prime factors of 9098?
2, 4549
What are the prime factors of 80233?
80233
What are the prime factors of 127?
127
What are the prime factors of 6497?
73, 89
What are the prime factors of 9931?
9931
List the prime factors of 12521.
19, 659
List the prime factors of 2752.
2, 43
List the prime factors of 708.
2, 3, 59
List the prime factor